 z(k) = 4*d(k) + 5*h(k). What are the prime factors of z(g)?
5
Let j(w) be the first derivative of 3*w**4/4 - w**3/3 + w**2/2 - w + 1. Let v be j(2). Suppose 9 - v = -b. What are the prime factors of b?
2, 3
Let b = 4 + -4. Suppose b = -5*p + 5*v + 125, 2*v + 116 = 4*p + p. What are the prime factors of p?
2, 11
Let n(x) = -x + 5. Suppose -3*z - 20 = z. List the prime factors of n(z).
2, 5
Suppose 0*z - z = -5. Suppose 0 = 5*x + z*v - 19 - 11, 5*x = 5*v + 60. List the prime factors of (x/3 + -1)*3.
2, 3
What are the prime factors of (3/(-2))/((-2)/84)?
3, 7
Suppose 3*o + 0*o = 45. List the prime factors of o.
3, 5
Let s(y) = -y - 18. Let o(i) = -i**3 - 10*i**2 + 10*i - 11. Let t be o(-11). Let k be s(t). What are the prime factors of -1*(k - (2 + 1))?
3, 7
Suppose -3*y - 18 = -3*u + 6*u, 0 = y. Let v = 11 + u. List the prime factors of v.
5
Let y be (-15)/(-5) + 0/(-2). Suppose 4*h - 6 = -y*l + h, 3*h = 4*l - 43. List the prime factors of l.
7
Let k(l) = -7*l + 3. Let b(t) = t**3 + 6*t**2 + 4*t - 3. Let p be b(-5). Let n be k(p). Let d = n + 20. What are the prime factors of d?
3
Suppose 0 = 6*a - a - 580. Suppose a = -2*t + 4*t. List the prime factors of t.
2, 29
Let l be (2 - 5 - -4)/1. Let s be (3 + -2)*l*0. Suppose 2*v = -s*v + 26. List the prime factors of v.
13
Let v = -1 - -7. Let j = 9 - v. Suppose -15 = -4*t + 3*t - 4*f, j*t + 5*f = 38. List the prime factors of t.
11
Let t(y) = y**3 - 9*y**2 + 12*y. List the prime factors of t(8).
2
Suppose 3*y - 27 = 2*a, 3*a = 5*a + 5*y - 13. Let p = a - -11. Suppose -p = j, 4*r + r = 3*j + 90. List the prime factors of r.
3, 5
Let a be ((-4)/6)/((-4)/30). Suppose 3*o - 48 = -3*w, 2*o - a*o = 5*w - 76. List the prime factors of w.
2, 7
Let l = -15 - 2. Let w = l - -27. What are the prime factors of w?
2, 5
Let p be 16/7 - (-6)/(-21). Suppose d = -d - 3*x + 24, 0 = p*d + 4*x - 22. List the prime factors of d.
3, 5
Let r be 39/(-15) - (-2)/(-5). Let n = r - -4. List the prime factors of -2 + 4 + 9 - n.
2, 5
Let q(z) = z**3 + 10*z**2 - 5*z - 11. What are the prime factors of q(-10)?
3, 13
Suppose -4*i + 1056 = 8*i. What are the prime factors of i?
2, 11
Let i = 321 + -220. What are the prime factors of i?
101
Let i(y) = -15*y - 3. Let w be i(-9). Suppose 5*m = m + w. What are the prime factors of m?
3, 11
Suppose 2*s - 3*s - 3*v + 27 = 0, s = v + 35. What are the prime factors of s?
3, 11
Suppose 0 = -d - 2*y + 1, 0 = d + y - 3. Suppose 46 = d*z - 494. Suppose 0 = 3*c + 2*c - 3*r - z, -19 = -c - 2*r. List the prime factors of c.
3, 7
Suppose -2*x - 2*x = -76. List the prime factors of x.
19
Suppose m + k = 6*m - 323, -12 = 4*k. List the prime factors of m.
2
Let m(a) = 2*a**2 + 3*a. Let d be m(-2). Let y(n) = 0 - d*n**2 + n**2 + 3*n**2 - 3. What are the prime factors of y(3)?
3, 5
Let z be (-13)/(-3) + (-3)/9. Suppose 5*c - z*u - 52 = 0, -4*c + 4*u = -31 - 9. List the prime factors of c.
2, 3
Let u(i) be the second derivative of -i**3/6 - 2*i**2 - i. List the prime factors of u(-8).
2
Let v(d) = -d**3 + 5*d**2 - 4*d + 3. Suppose -3*j + 2*t + 10 = -8, -27 = -3*j + 5*t. List the prime factors of v(j).
3
Let b be ((-114)/9)/((-2)/(-6)). What are the prime factors of -1 + (b*4)/(-4)?
37
Let x = -8 - -13. Suppose 4*q + 3 = l - 6*l, 0 = x*q + l - 12. What are the prime factors of q?
3
Let b be 9/6*280/15. Suppose v = -0*v + 5. Suppose v*i - t - 35 = 24, -4*i + b = 4*t. List the prime factors of i.
11
Suppose -2*g - 4*q = -288, -3*q - 315 = -2*g + 2*q. List the prime factors of g.
2, 3, 5
Suppose -4*x - 3*n + 1333 = 0, -5*n = -4*x - 2*n + 1315. List the prime factors of x.
331
Let c(w) = -w + 7. Let g = 6 - 4. Let y = 2 - g. List the prime factors of c(y).
7
Let n(l) = -l**2 + 7*l - 10. Let m be n(7). What are the prime factors of (8/m)/(2/(-5))?
2
Suppose -b = 5*i + 6, -2 + 14 = -2*b - 5*i. Suppose 4*z + 7 = 3*d - 10, 8 = 2*z. Let v = d + b. List the prime factors of v.
5
Suppose q - 4*h - 52 = 0, 0 = 3*q + h - 88 - 16. What are the prime factors of q?
2, 3
What are the prime factors of (116/6)/(8/12)?
29
List the prime factors of (-4)/14 - 947/(-7)*1.
3, 5
Suppose 0 = y - 4 - 2. List the prime factors of y.
2, 3
Suppose 5*j + 0 = -10. Let r be (14/4 + j)*2. Suppose -4*g - 7*l = -r*l, -4*g + 8 = 2*l. What are the prime factors of g?
2
Suppose -u + 96 = -22. Suppose -5*g + 130 = -5*a, -3*g - a - 24 = -u. List the prime factors of g.
2, 3, 5
Suppose -62 = 5*m - 172. List the prime factors of m.
2, 11
Suppose -2*q = -3*x - 43, -30 - 90 = -5*q + 5*x. List the prime factors of q.
29
Let g = 17 + -12. What are the prime factors of (11/(-5))/((-1)/g)?
11
Suppose 0*d = 2*d - 5*n - 183, -287 = -3*d + 5*n. Suppose -2*r + 5*g = -31, 4*r + 7*g = 3*g + d. What are the prime factors of r?
23
Let q be (0 + (-2)/3)*-6. Suppose 4*h = -2*o + 3*h + 8, -q*o + h + 16 = 0. Suppose 0 = 2*l - x - 1 - 3, 5*l = o*x + 4. List the prime factors of l.
2
Let s be 2/(-5) - 4/(-10). Suppose 5*o = 5*u - 185, 2*u + o + s*o - 77 = 0. What are the prime factors of u?
2, 19
Suppose -3*l + l = -78. List the prime factors of l.
3, 13
Let k be (0 + 4)/1 - 1. Suppose 6 = -k*c + 18. List the prime factors of c.
2
Suppose 0 = 10*g - 8*g - 288. List the prime factors of g.
2, 3
Suppose -49 = -2*p + 105. What are the prime factors of p?
7, 11
List the prime factors of -9*(3 + 22/(-6)).
2, 3
Let y(z) = 2*z**2 - 18*z - 11. List the prime factors of y(13).
3, 31
Let b = 183 + -156. List the prime factors of b.
3
Let k(g) = g**2 + 3*g + 2. Let t be k(-3). What are the prime factors of 35/20 - t/(-8)?
2
Suppose 4 = 3*s - 11. Suppose -s*o + 3*d + 18 = -2*o, -4*d = -3*o + 18. List the prime factors of o.
2, 3
Suppose i + 5 + 6 = 0. Let a(q) = -q + 7. What are the prime factors of a(i)?
2, 3
Let c be (-3)/(-9)*3 - -19. Suppose -c = -2*a - 2. List the prime factors of a.
3
Suppose 0 = 5*k - 5*g - 64 - 51, g = -5*k + 91. What are the prime factors of k?
19
What are the prime factors of 5 - -75 - ((0 - -2) + 1)?
7, 11
Let g(y) = y**3 - 5*y**2 - 19. List the prime factors of g(6).
17
Let o(f) = f**2 + 1. Let n be o(4). Suppose -2 = -b + n. Suppose 2*t + t - 4*q - b = 0, 4*q = t - 1. List the prime factors of t.
3
Suppose -4*w - 5*l + 35 = 0, 5*l - 23 + 8 = -2*w. List the prime factors of w.
2, 5
Suppose 3*b - 5 - 4 = 0. Suppose -5*o - 20 = 4*j, -j = -o - 1 - b. Suppose -h - 3*u = -j*h + 13, -2*h + 4*u = -24. What are the prime factors of h?
2
Let u(g) = 2*g + 6. What are the prime factors of u(11)?
2, 7
Suppose 3*a - 21 = -5*q + 18, -4*q = 5*a - 78. What are the prime factors of -3 + (-3)/(-6)*a?
2, 3
Suppose -d = 2*u - 7*u - 12, -d + 12 = 2*u. What are the prime factors of d?
2, 3
Suppose 0 = 2*g - 1 - 7. Let x(c) = 7 + c + 2*c - 7. List the prime factors of x(g).
2, 3
Suppose -v = -5 - 170. What are the prime factors of v?
5, 7
Let k = 3 + 2. Let g(h) = h - 1. Let p(n) = -9*n + 3. Let q(o) = k*g(o) + p(o). What are the prime factors of q(-2)?
2, 3
Let i(x) = x**3 - 8*x**2 - x + 8. Let w be i(8). Suppose 2*q - 69 = -3*g, -5*g - q = -w - 115. What are the prime factors of g?
23
Suppose 0 = 3*s - 9 + 3. Suppose c = 5*o - 98, -s = 3*c + 7. What are the prime factors of o?
19
Let r be 1 + -1 + 2 + 0. Suppose -t - 1 = r. Let l = 12 + t. What are the prime factors of l?
3
Suppose -3*z + 10 = -2. Suppose 4*r = z*t + 24, -2*r - 5*t = r - 2. Suppose -v - 32 = -3*j, -r*j + 73 = -v + 30. List the prime factors of j.
11
Suppose -4*b + 55 = -425. List the prime factors of b.
2, 3, 5
Let v = -5 - -8. Suppose v = -2*p + 1. List the prime factors of ((-1)/(-3))/(p/(-39)).
13
Let k = -4 - -8. Let z(s) = -3*s**3 + 5*s**2 + 6*s + 5. Let w(d) = -7*d**3 + 10*d**2 + 12*d + 10. Let c(p) = k*w(p) - 9*z(p). List the prime factors of c(-4).
3
Suppose 20 = -2*o - 3*o, 13 = -3*i - o. Let v(u) = -u**3 + 5*u + 4. Let a(z) = 4*z + 3. Let j(c) = i*a(c) + 2*v(c). What are the prime factors of j(-1)?
3
Let a = 1 + 19. Suppose -n = -4*r - a, -2*n - 3*r + r = 0. Suppose x - 3 = 4*y, -n*x - y - 13 = -42. What are the prime factors of x?
7
Suppose f - 2*y = 81, -5*y = -y + 16. List the prime factors of f.
73
Let v(w) = -w - 1. Let u be v(-6). Suppose t + 5*r + 3 - 12 = 0, u*t - 5*r = -45. List the prime factors of 6/(0 - 4/t).
3
Let p = 398 - 212. What are the prime factors of p?
2, 3, 31
Suppo